{"id":4662,"date":"2023-06-27T17:20:23","date_gmt":"2023-06-27T17:20:23","guid":{"rendered":"https:\/\/orizzontiverticali.to.it\/?post_type=product&#038;p=4662"},"modified":"2023-06-27T17:22:04","modified_gmt":"2023-06-27T17:22:04","slug":"scarpa-trk-lt-gtx","status":"publish","type":"product","link":"https:\/\/orizzontiverticali.to.it\/index.php\/prodotto\/scarpa-trk-lt-gtx\/","title":{"rendered":"Scarpa Rush TRK LT GTX"},"content":{"rendered":"<div class=\"row d-block d-sm-block d-md-block d-lg-flex align-items-stretch\">\n<div class=\"col-12 col-sm-12 co-md-12 col-lg-6\">\n<div class=\"feature_wrapper\">\n<div class=\"feature_title\" data-lang=\"attribute_tomaia\">TOMAIA<\/div>\n<p>Realizzata in tessuto ripstop, la cui tecnologia ad intreccio ha come caratteristica principale l&#8217;alta capacit\u00e0 di resistere agli strappi, oltre ad essere leggero e traspirante. Alcuni dettagli 3D sul collo del piede e vicino all&#8217;allacciatura ne caratterizzano il design.<\/p>\n<\/div>\n<\/div>\n<div class=\"col-12 col-sm-12 co-md-12 col-lg-6\">\n<div class=\"feature_wrapper\">\n<div class=\"feature_title\" data-lang=\"attribute_lacing\">ALLACCIATURA<\/div>\n<p>Composto da un sistema di cordini che redistribuisce uniformemente la pressione e permette di regolare agilmente la chiusura della tomaia, senza comprimere.<\/p>\n<\/div>\n<\/div>\n<\/div>\n<div class=\"row d-block d-sm-block d-md-block d-lg-flex align-items-stretch\">\n<div class=\"col-12 col-sm-12 co-md-12 col-lg-6\">\n<div class=\"feature_wrapper\">\n<div class=\"feature_title\" data-lang=\"attribute_fodera\">FODERA<\/div>\n<p>Membrana GORE-TEX Extended Comfort. Il laminato \u00e8 costituito da un materiale di rivestimento in tessuto altamente resistente all\u2019abrasione e ad asciugatura rapida mentre la membrana altamente traspirante detiene una notevole capacit\u00e0 di disperdere il calore. In questo modo i piedi sono protetti da acqua, mentre il sudore che si crea all\u2019interno della calzatura pu\u00f2 fuoriuscire velocemente.<\/p>\n<\/div>\n<\/div>\n<div class=\"col-12 col-sm-12 co-md-12 col-lg-6\">\n<div class=\"feature_wrapper\">\n<div class=\"feature_title\" data-lang=\"attribute_suola\">SUOLA<\/div>\n<p>La suola Presa\u00ae TRK-01 \u00e8 realizzata in mescola SUPERGUM ad alta aderenza e durabilit\u00e0, tallone pronunciato e tappi che favoriscono la frenata in discesa e la tenuta in salita. Inoltre la tecnologia IKS (Interactive Kinetic System), caratterizzata da 7 aree (cupole) ammortizzanti supportano in maniera progressiva e specifica il peso del nostro corpo durante la nostra attivit\u00e0 in montagna.<\/p>\n<\/div>\n<\/div>\n<\/div>\n","protected":false},"excerpt":{"rendered":"<p>RUSH TRK LT GTX \u00e8 la versione pi\u00f9 estiva della famiglia RUSH TRK, realizzata in tessuto leggero ripstop \u00e8 perfetta per escursioni in montagna giornaliere. Uno scarpone da trekking all\u2019insegna del comfort con tecnologie in grado di aiutare a ridurre l\u2019affaticamento del piede durante l\u2019attivit\u00e0. Rappresenta un giusto mix di comfort, stabilit\u00e0 e leggerezza.<\/p>\n","protected":false},"featured_media":4663,"template":"","meta":{"inline_featured_image":false},"product_cat":[176,203,126,198,171,59,75],"product_tag":[394,615,383,79],"class_list":["post-4662","product","type-product","status-publish","has-post-thumbnail","hentry","product_cat-calzature","product_cat-calzature-escursionismo","product_cat-calzature-trekking","product_cat-calzature-uomo","product_cat-escursionismo","product_cat-trekking","product_cat-uomo","product_tag-scarpone-escursionismo","product_tag-scarpone-estivo","product_tag-scarpone-trekking","product_tag-uomo"],"_links":{"self":[{"href":"https:\/\/orizzontiverticali.to.it\/index.php\/wp-json\/wp\/v2\/product\/4662","targetHints":{"allow":["GET"]}}],"collection":[{"href":"https:\/\/orizzontiverticali.to.it\/index.php\/wp-json\/wp\/v2\/product"}],"about":[{"href":"https:\/\/orizzontiverticali.to.it\/index.php\/wp-json\/wp\/v2\/types\/product"}],"wp:featuredmedia":[{"embeddable":true,"href":"https:\/\/orizzontiverticali.to.it\/index.php\/wp-json\/wp\/v2\/media\/4663"}],"wp:attachment":[{"href":"https:\/\/orizzontiverticali.to.it\/index.php\/wp-json\/wp\/v2\/media?parent=4662"}],"wp:term":[{"taxonomy":"product_cat","embeddable":true,"href":"https:\/\/orizzontiverticali.to.it\/index.php\/wp-json\/wp\/v2\/product_cat?post=4662"},{"taxonomy":"product_tag","embeddable":true,"href":"https:\/\/orizzontiverticali.to.it\/index.php\/wp-json\/wp\/v2\/product_tag?post=4662"}],"curies":[{"name":"wp","href":"https:\/\/api.w.org\/{rel}","templated":true}]}}