{"id":4632,"date":"2023-06-23T11:30:20","date_gmt":"2023-06-23T11:30:20","guid":{"rendered":"https:\/\/orizzontiverticali.to.it\/?post_type=product&#038;p=4632"},"modified":"2023-06-23T11:30:20","modified_gmt":"2023-06-23T11:30:20","slug":"wild-country-flow-pant","status":"publish","type":"product","link":"https:\/\/orizzontiverticali.to.it\/index.php\/prodotto\/wild-country-flow-pant\/","title":{"rendered":"Wild Country Flow Pant"},"content":{"rendered":"<div class=\"product--description-content\" data-content--mobile=\"description\" data-product-tab-content=\"description\">\n<div class=\"product--half\">\n<p>La vestibilit\u00e0 \u00e8 stata perfezionata per rispondere al meglio alle esigenze del climber. Un tassello di rinforzo \u00e8 stato applicato in corrispondenza del cavallo per dare massima libert\u00e0 di movimento. Sul retro, all&#8217;altezza delle ginocchia, un taglio specifico assicura completa flessibilit\u00e0 della gamba. Il pantalone Flow ha regolazione elastica nascosta sulla caviglia per stringerlo in caso di necessit\u00e0.<\/p>\n<p>&nbsp;<\/p>\n<ul>\n<li>Tessuto leggero in cotone ripstop elasticizzato: 97% cotone, 3% elastan<\/li>\n<li>Cuciture rinforzate<\/li>\n<li>Ginocchio articolato per una maggiore libert\u00e0 di movimento<\/li>\n<li>Vita elasticizzata con cordoncino e passanti per cintura<\/li>\n<li>Due grandi tasche anteriori, due tasche posteriori nascoste<\/li>\n<li>Regolazione invisibile alla caviglia<\/li>\n<li>Logo Wild Country<\/li>\n<li>Wild Country \u00e8 membro di Fair Wear Foundation<\/li>\n<\/ul>\n<p>&nbsp;<\/p>\n<\/div>\n<\/div>\n","protected":false},"excerpt":{"rendered":"<p>Il pantalone Flow da arrampicata \u00e8 stato progettato per dare massima libert\u00e0 di movimento durante la scalata. Un&#8217;opzione versatile per l&#8217;arrampicata sportiva e il bouldering in leggero cotone elasticizzato ripstop resistente all&#8217;abrasione.<\/p>\n","protected":false},"featured_media":4633,"template":"","meta":{"inline_featured_image":false},"product_cat":[151,200,56,97,166,75],"product_tag":[310,597,510],"class_list":["post-4632","product","type-product","status-publish","has-post-thumbnail","hentry","product_cat-abbigliamento","product_cat-abbigliamento-uomo","product_cat-arrampicata","product_cat-arrampicata-abbigliamento","product_cat-pantaloni","product_cat-uomo","product_tag-boulder","product_tag-climbing","product_tag-pantaloni-arrampicata"],"_links":{"self":[{"href":"https:\/\/orizzontiverticali.to.it\/index.php\/wp-json\/wp\/v2\/product\/4632","targetHints":{"allow":["GET"]}}],"collection":[{"href":"https:\/\/orizzontiverticali.to.it\/index.php\/wp-json\/wp\/v2\/product"}],"about":[{"href":"https:\/\/orizzontiverticali.to.it\/index.php\/wp-json\/wp\/v2\/types\/product"}],"wp:featuredmedia":[{"embeddable":true,"href":"https:\/\/orizzontiverticali.to.it\/index.php\/wp-json\/wp\/v2\/media\/4633"}],"wp:attachment":[{"href":"https:\/\/orizzontiverticali.to.it\/index.php\/wp-json\/wp\/v2\/media?parent=4632"}],"wp:term":[{"taxonomy":"product_cat","embeddable":true,"href":"https:\/\/orizzontiverticali.to.it\/index.php\/wp-json\/wp\/v2\/product_cat?post=4632"},{"taxonomy":"product_tag","embeddable":true,"href":"https:\/\/orizzontiverticali.to.it\/index.php\/wp-json\/wp\/v2\/product_tag?post=4632"}],"curies":[{"name":"wp","href":"https:\/\/api.w.org\/{rel}","templated":true}]}}