{"id":4583,"date":"2023-06-17T16:51:00","date_gmt":"2023-06-17T16:51:00","guid":{"rendered":"https:\/\/orizzontiverticali.to.it\/?post_type=product&#038;p=4583"},"modified":"2023-06-17T17:18:43","modified_gmt":"2023-06-17T17:18:43","slug":"osprey-sirrus-26","status":"publish","type":"product","link":"https:\/\/orizzontiverticali.to.it\/index.php\/prodotto\/osprey-sirrus-26\/","title":{"rendered":"Osprey Sirrus 26"},"content":{"rendered":"<p>Zaino progettato con sistema di nsospensione stampato a iniezione con rete tidimensionale tensionata che garantisce un sostegno traspirante. Telaio dalla forma pi\u00f9 alta e pi\u00f9 larga, combinato a un sistema di regolazione su misura per estendere il rangedi vestibilit\u00e0. Copertura antipioggia inclusa. realizzato con materiali sostenibili certificati Bluesign.<\/p>\n","protected":false},"excerpt":{"rendered":"<p>Il Sirrus 26 specifico per donna \u00e8 un robusto zaino da hiking giornaliero pronto a qualunque prova. il design sostenibile e il sistema di sospensione lo rendonoe estremamene comodo e ventilato. Prodotto interamente con materiali riciclati.<\/p>\n","protected":false},"featured_media":4586,"template":"","meta":{"inline_featured_image":false},"product_cat":[76,171,59,128,175,196],"product_tag":[574,573,456],"class_list":["post-4583","product","type-product","status-publish","has-post-thumbnail","hentry","product_cat-donna","product_cat-escursionismo","product_cat-trekking","product_cat-trekking-zaini","product_cat-zaini","product_cat-zaini-donna","product_tag-zaino-donna","product_tag-zaino-escursionismo","product_tag-zaino-trekking"],"_links":{"self":[{"href":"https:\/\/orizzontiverticali.to.it\/index.php\/wp-json\/wp\/v2\/product\/4583","targetHints":{"allow":["GET"]}}],"collection":[{"href":"https:\/\/orizzontiverticali.to.it\/index.php\/wp-json\/wp\/v2\/product"}],"about":[{"href":"https:\/\/orizzontiverticali.to.it\/index.php\/wp-json\/wp\/v2\/types\/product"}],"wp:featuredmedia":[{"embeddable":true,"href":"https:\/\/orizzontiverticali.to.it\/index.php\/wp-json\/wp\/v2\/media\/4586"}],"wp:attachment":[{"href":"https:\/\/orizzontiverticali.to.it\/index.php\/wp-json\/wp\/v2\/media?parent=4583"}],"wp:term":[{"taxonomy":"product_cat","embeddable":true,"href":"https:\/\/orizzontiverticali.to.it\/index.php\/wp-json\/wp\/v2\/product_cat?post=4583"},{"taxonomy":"product_tag","embeddable":true,"href":"https:\/\/orizzontiverticali.to.it\/index.php\/wp-json\/wp\/v2\/product_tag?post=4583"}],"curies":[{"name":"wp","href":"https:\/\/api.w.org\/{rel}","templated":true}]}}