{"id":4551,"date":"2023-06-16T11:40:47","date_gmt":"2023-06-16T11:40:47","guid":{"rendered":"https:\/\/orizzontiverticali.to.it\/?post_type=product&#038;p=4551"},"modified":"2023-06-16T11:40:48","modified_gmt":"2023-06-16T11:40:48","slug":"osprey-tempest-34","status":"publish","type":"product","link":"https:\/\/orizzontiverticali.to.it\/index.php\/prodotto\/osprey-tempest-34\/","title":{"rendered":"Osprey Tempest 34"},"content":{"rendered":"<p>Lo zaino Tempest 34 da donna ha uno schienale AirScape in schiuma fustellata e stampato a iniezione che garantisce aderenza e traspirabilit\u00e0. L&#8217;imbracatura e la cintura in vita flessibili BioStretch avvolgono con continuit\u00e0 tutta la fascia che va dalla zona lombare alla cintura, permettendo movimenti dinamici. Il Tempest come Il Talon appartiene a una famiglia di zaini dinamici e multidisciplinari, soddisfando le necessit\u00e0 di escursionisti, ciclisti e tutti gli altri sportivi. Realizzato inNylon riciclato ad alta tenacit\u00e0 e di elevata qualt\u00e0 certificato Blusign.<\/p>\n","protected":false},"excerpt":{"rendered":"<p>Zaino dal volume intermedio specifico per donna e specializzato in escursioni di pi\u00f9 giorni e ascese ultraleggere.<\/p>\n","protected":false},"featured_media":4552,"template":"","meta":{"inline_featured_image":false},"product_cat":[76,171,59,128,175,196],"product_tag":[574,573,456],"class_list":["post-4551","product","type-product","status-publish","has-post-thumbnail","hentry","product_cat-donna","product_cat-escursionismo","product_cat-trekking","product_cat-trekking-zaini","product_cat-zaini","product_cat-zaini-donna","product_tag-zaino-donna","product_tag-zaino-escursionismo","product_tag-zaino-trekking"],"_links":{"self":[{"href":"https:\/\/orizzontiverticali.to.it\/index.php\/wp-json\/wp\/v2\/product\/4551","targetHints":{"allow":["GET"]}}],"collection":[{"href":"https:\/\/orizzontiverticali.to.it\/index.php\/wp-json\/wp\/v2\/product"}],"about":[{"href":"https:\/\/orizzontiverticali.to.it\/index.php\/wp-json\/wp\/v2\/types\/product"}],"wp:featuredmedia":[{"embeddable":true,"href":"https:\/\/orizzontiverticali.to.it\/index.php\/wp-json\/wp\/v2\/media\/4552"}],"wp:attachment":[{"href":"https:\/\/orizzontiverticali.to.it\/index.php\/wp-json\/wp\/v2\/media?parent=4551"}],"wp:term":[{"taxonomy":"product_cat","embeddable":true,"href":"https:\/\/orizzontiverticali.to.it\/index.php\/wp-json\/wp\/v2\/product_cat?post=4551"},{"taxonomy":"product_tag","embeddable":true,"href":"https:\/\/orizzontiverticali.to.it\/index.php\/wp-json\/wp\/v2\/product_tag?post=4551"}],"curies":[{"name":"wp","href":"https:\/\/api.w.org\/{rel}","templated":true}]}}