{"id":3798,"date":"2023-05-10T15:38:27","date_gmt":"2023-05-10T15:38:27","guid":{"rendered":"https:\/\/orizzontiverticali.to.it\/?post_type=product&#038;p=3798"},"modified":"2023-05-12T15:00:52","modified_gmt":"2023-05-12T15:00:52","slug":"rock-experience-giacca-smanicata-softshell-hunter","status":"publish","type":"product","link":"https:\/\/orizzontiverticali.to.it\/index.php\/prodotto\/rock-experience-giacca-smanicata-softshell-hunter\/","title":{"rendered":"Rock Experience Giacca Smanicata Softshell Hunter"},"content":{"rendered":"<p><strong>Hunter\u00a0<\/strong>\u00e8 uno smanicato softshell leggero, elasticizzato ed antivento sviluppato con l&#8217;utilizzo di due tessuti differenziati per garantire le migliori performance. Tessuto stretch elastico nelle quattro direzioni abbinato a tessuto ripstop rendono\u00a0<strong>Hunter\u00a0Softshell<\/strong>\u00a0confortevole e comodo e allo stesso tempo resistente alle abrasioni facendolo risultare ideale anche per l&#8217;utilizzo durante le attivit\u00e0 pi\u00f9 intense.\u00a0Giromanica realizzato in lycra\u00a0rende\u00a0lo smanicato confortevole, evitando fastidiosi sfregamenti durante l&#8217;attivit\u00e0.\u00a0 Il fondo capo \u00e8 inoltre regolabile tramite comoda coulisse. Cuciture in contrasto colore completano il capo con un tocco di stile. Dai trekking nelle mezze stagioni alle escursioni pi\u00f9 in quota d&#8217;estate o sopra un&#8217;intimo termico d&#8217;inverno durante le attivit\u00e0 pi\u00f9 intense,\u00a0<strong>Hunter<\/strong>\u00a0\u00e8 il capo che non pu\u00f2 assolutamente mancare agli amanti del hiking!<\/p>\n","protected":false},"excerpt":{"rendered":"<p>smanicato softshell leggero, elasticizzato ed antivento.<\/p>\n","protected":false},"featured_media":3799,"template":"","meta":{"inline_featured_image":false},"product_cat":[151,200,43,80,170,171,162,69,55,112,142,59,127,75],"product_tag":[339,341,342,340],"class_list":["post-3798","product","type-product","status-publish","has-post-thumbnail","hentry","product_cat-abbigliamento","product_cat-abbigliamento-uomo","product_cat-alpinismo","product_cat-alpinismo-abbigliamento","product_cat-avvicinamento","product_cat-escursionismo","product_cat-giacche","product_cat-outdoor","product_cat-scialpinismo","product_cat-scialpinismo-abbigliamento","product_cat-travel-e-tempo-libero-abbigliamento","product_cat-trekking","product_cat-trekking-abbigliamento","product_cat-uomo","product_tag-giacca-gilet","product_tag-giacca-smanicata","product_tag-gilet-antivento","product_tag-smanicato"],"_links":{"self":[{"href":"https:\/\/orizzontiverticali.to.it\/index.php\/wp-json\/wp\/v2\/product\/3798","targetHints":{"allow":["GET"]}}],"collection":[{"href":"https:\/\/orizzontiverticali.to.it\/index.php\/wp-json\/wp\/v2\/product"}],"about":[{"href":"https:\/\/orizzontiverticali.to.it\/index.php\/wp-json\/wp\/v2\/types\/product"}],"wp:featuredmedia":[{"embeddable":true,"href":"https:\/\/orizzontiverticali.to.it\/index.php\/wp-json\/wp\/v2\/media\/3799"}],"wp:attachment":[{"href":"https:\/\/orizzontiverticali.to.it\/index.php\/wp-json\/wp\/v2\/media?parent=3798"}],"wp:term":[{"taxonomy":"product_cat","embeddable":true,"href":"https:\/\/orizzontiverticali.to.it\/index.php\/wp-json\/wp\/v2\/product_cat?post=3798"},{"taxonomy":"product_tag","embeddable":true,"href":"https:\/\/orizzontiverticali.to.it\/index.php\/wp-json\/wp\/v2\/product_tag?post=3798"}],"curies":[{"name":"wp","href":"https:\/\/api.w.org\/{rel}","templated":true}]}}