{"id":2655,"date":"2023-04-22T15:15:10","date_gmt":"2023-04-22T15:15:10","guid":{"rendered":"https:\/\/orizzontiverticali.to.it\/?post_type=product&#038;p=2655"},"modified":"2023-05-03T17:16:30","modified_gmt":"2023-05-03T17:16:30","slug":"helix","status":"publish","type":"product","link":"https:\/\/orizzontiverticali.to.it\/index.php\/prodotto\/helix\/","title":{"rendered":"Scarpa Helix"},"content":{"rendered":"<div class=\"row d-block d-sm-block d-md-block d-lg-flex align-items-stretch\">\n<div class=\"col-12 col-sm-12 co-md-12 col-lg-6\">\n<div class=\"feature_wrapper\">\n<div class=\"feature_title\" data-lang=\"attribute_tomaia\">TOMAIA<\/div>\n<p>Interamente in pelle con un\u2019imbottitura sul tallone per un comfort maggiore. Il doppio strap in Velcro facilita la calzata e la lingua in mesh migliora la traspirabilit\u00e0.<\/p><\/div>\n<\/div>\n<div class=\"col-12 col-sm-12 co-md-12 col-lg-6\">\n<div class=\"feature_wrapper\">\n<div class=\"feature_title\" data-lang=\"attribute_tensione\">TENSIONAMENTO<\/div>\n<p>Fascia protettiva in gomma a bassa tensione.<\/p><\/div>\n<\/div>\n<\/div>\n<div class=\"row d-block d-sm-block d-md-block d-lg-flex align-items-stretch\">\n<div class=\"col-12 col-sm-12 co-md-12 col-lg-6\">\n<div class=\"feature_wrapper\">\n<div class=\"feature_title\" data-lang=\"attribute_suola\">SUOLA<\/div>\n<p>Intera Vibram\u00ae XS Edge di spessore 4mm garantisce stabilit\u00e0 e performance nelle prese.<\/p><\/div>\n<div><a href=\"https:\/\/it.scarpa.com\/product\/18496588\/helix-relaxed-fit-hyper-blue\">https:\/\/it.scarpa.com\/product\/18496588\/helix-relaxed-fit-hyper-blue<\/a><\/div>\n<\/div>\n<\/div>\n","protected":false},"excerpt":{"rendered":"<p><b>Comfort e durabilit\u00e0<\/b><br \/>\nHelix \u00e8 la scarpetta classica con costruzione di alta qualit\u00e0, con un buon compromesso tra comfort e performance la forma \u00e8 piatta e neutrale con la punta leggermente inclinata scarpetta eccellente per utilizzo prolungato.<\/p>\n<p><b>USE<\/b>\u00a0MULTI PITCH E E USO PROLUNGATO<\/p>\n","protected":false},"featured_media":2656,"template":"","meta":{"inline_featured_image":false},"product_cat":[56,96,176,202,198,75],"product_tag":[58,217,146,79],"class_list":["post-2655","product","type-product","status-publish","has-post-thumbnail","hentry","product_cat-arrampicata","product_cat-arrampicata-scarpette","product_cat-calzature","product_cat-calzature-arrampicata","product_cat-calzature-uomo","product_cat-uomo","product_tag-arrampicata","product_tag-multipitch","product_tag-scarpette","product_tag-uomo"],"_links":{"self":[{"href":"https:\/\/orizzontiverticali.to.it\/index.php\/wp-json\/wp\/v2\/product\/2655","targetHints":{"allow":["GET"]}}],"collection":[{"href":"https:\/\/orizzontiverticali.to.it\/index.php\/wp-json\/wp\/v2\/product"}],"about":[{"href":"https:\/\/orizzontiverticali.to.it\/index.php\/wp-json\/wp\/v2\/types\/product"}],"wp:featuredmedia":[{"embeddable":true,"href":"https:\/\/orizzontiverticali.to.it\/index.php\/wp-json\/wp\/v2\/media\/2656"}],"wp:attachment":[{"href":"https:\/\/orizzontiverticali.to.it\/index.php\/wp-json\/wp\/v2\/media?parent=2655"}],"wp:term":[{"taxonomy":"product_cat","embeddable":true,"href":"https:\/\/orizzontiverticali.to.it\/index.php\/wp-json\/wp\/v2\/product_cat?post=2655"},{"taxonomy":"product_tag","embeddable":true,"href":"https:\/\/orizzontiverticali.to.it\/index.php\/wp-json\/wp\/v2\/product_tag?post=2655"}],"curies":[{"name":"wp","href":"https:\/\/api.w.org\/{rel}","templated":true}]}}